(f) = 161*f - 6370. Give r(33).
-1057
Let h(g) = -1267*g - 15238. Give h(-12).
-34
Let u(v) = v**2 - 997*v + 190657. Give u(739).
-5
Let x(j) = -11105*j - 99955. Calculate x(-9).
-10
Let k(y) = -5*y**2 - 83*y + 581. Calculate k(-16).
629
Let k(n) = n**3 + 143*n**2 + 3699*n - 225. What is k(-34)?
13
Let y(x) = 8*x**3 - 63*x**2 - 196*x - 37. What is y(-3)?
-232
Let l(z) = -1148*z - 29297. Give l(-25).
-597
Let f(u) = 16*u**2 + 9133*u + 275885. Determine f(-32).
13
Let n(m) = 36*m**2 + 5427*m - 973. Calculate n(-151).
386
Let u(c) = 21*c**2 + 3325*c - 3. Determine u(-158).
-1109
Let d(u) = 28*u**3 + 231*u**2 - 418*u - 3813. What is d(-8)?
-21
Let z(s) = -s**3 - 237*s**2 - 916*s + 47. Determine z(-4).
-17
Let n(u) = 2525*u - 7552. What is n(3)?
23
Let m(b) = 4*b**2 + 6124*b + 2268337. Calculate m(-628).
1
Let h(a) = -2*a**3 + 232*a**2 + 9468*a + 505. What is h(148)?
-87
Let l(c) = -38625*c - 270371. What is l(-7)?
4
Let q(d) = -6*d**3 + 29*d**2 + 881*d - 4680. Give q(5).
-300
Let u(c) = c**3 - 2*c**2 - 116*c + 133. Determine u(11).
-54
Let b(s) = -s**2 - 73*s - 2104. Determine b(-55).
-1114
Let f(a) = -102*a - 414. What is f(8)?
-1230
Let u(o) = 19352*o - 309697. Give u(16).
-65
Let j(m) = 5*m**3 - 21*m**2 + 28*m - 52. What is j(8)?
1388
Let s(x) = -10854*x - 87353. What is s(-8)?
-521
Let l(v) = -15151*v - 4105926. Give l(-271).
-5
Let d(x) = 2*x**3 + 10*x**2 + 212*x + 6504. What is d(-14)?
8
Let v(d) = -1637*d**2 - 9834*d - 57. Calculate v(-6).
15
Let f(g) = 7*g**2 - 291*g + 78. Give f(40).
-362
Let x(v) = -2165055*v - 8660208. What is x(-4)?
12
Let v(x) = x**3 + 103*x**2 + 137*x + 4259. Calculate v(-102).
689
Let s(y) = -2312*y - 344505. Determine s(-149).
-17
Let c(u) = -7*u**2 + 93*u - 1574. Give c(28).
-4458
Let u(h) = 4*h**3 + 49*h**2 + 34*h + 270. Give u(-12).
6
Let a(h) = -h**3 - 17*h**2 + 262*h - 257. Give a(9).
-5
Let s(n) = -5*n**2 - 616*n - 417. Calculate s(-118).
2651
Let l(p) = 5190*p - 358386. Determine l(69).
-276
Let y(a) = 86*a + 927. Calculate y(-3).
669
Let y(m) = -m**3 + 48*m**2 - 347*m - 231. Give y(38).
1023
Let f(d) = -2*d**3 - 412*d**2 + 845*d + 2721. What is f(-208)?
17
Let w(q) = -17*q**2 - 4202*q - 16796. Give w(-4).
-260
Let i(p) = 3750*p**2 - 45002*p + 27. What is i(12)?
3
Let f(g) = 4401*g - 2042065. Calculate f(464).
-1
Let h(x) = -x**3 + 8*x**2 + 133*x - 311. Determine h(15).
109
Let s(u) = 152*u**2 + 2148*u + 5241. Give s(-11).
5
Let u(d) = 19457*d + 58367. What is u(-3)?
-4
Let r(g) = g**3 - 192*g - 393. What is r(-2)?
-17
Let u(o) = o**3 + 390*o**2 - 143*o - 55765. Calculate u(-390).
5
Let v(r) = -r**3 + 17*r**2 + r + 248. Determine v(18).
-58
Let q(u) = -u**3 - 18*u**2 + 820*u - 5597. Give q(12).
-77
Let d(z) = 19*z**2 + 391*z - 178. Give d(-21).
-10
Let c(w) = -w**2 + 13902*w + 278528. Determine c(-20).
88
Let i(k) = k**3 - 20*k**2 + 68*k. Determine i(10).
-320
Let r(s) = -2*s**3 + 9*s**2 + 668*s - 5297. Give r(15).
-2
Let h(z) = -30*z**3 - 2759*z**2 + 96*z + 116. Determine h(-92).
-252
Let j(s) = s**2 + 474*s + 54068. Calculate j(-191).
15
Let k(r) = 1952*r - 14295. Give k(7).
-631
Let u(s) = 214*s - 13285. Calculate u(62).
-17
Let p(m) = m**3 - 251*m**2 + 7204*m - 212. What is p(33)?
118
Let w(g) = -39*g - 3175. Give w(-81).
-16
Let m(p) = -p**2 - 5954*p - 35669. Determine m(-6).
19
Let p(m) = -m**3 + 164*m**2 + 19193*m - 321. Calculate p(-79).
-5
Let p(v) = -v**3 - 1180*v**2 - 3532*v + 12. Determine p(-3).
15
Let g(r) = 3*r**3 - 576*r**2 + 4420*r - 40. Determine g(8).
-8
Let z(j) = 44*j**2 - 3047*j + 45989. Calculate z(47).
-24
Let x(b) = -350*b + 9955. What is x(37)?
-2995
Let o(i) = -14162*i - 382381. Give o(-27).
-7
Let k(v) = -6*v**2 + 27417*v + 109757. Calculate k(-4).
-7
Let c(n) = -2*n**2 - 4171*n + 96993. What is c(23)?
2
Let x(u) = u**3 + u**2 - 554*u + 77. Give x(23).
31
Let y(f) = -f**3 + 3*f**2 + 2955*f - 614. Give y(-53).
75
Let x(m) = 37135*m**2 - 74284*m - 2. Calculate x(2).
-30
Let t(c) = c**3 + 57*c**2 - 1303*c - 9883. What is t(-73)?
-28
Let t(x) = -x**2 + 61*x + 50070. Give t(256).
150
Let q(o) = -o**2 - 105007*o + 1155076. Calculate q(11).
-122
Let m(c) = -c**3 + 37*c**2 - 2693. Determine m(28).
4363
Let h(f) = 1335*f + 70741. Determine h(-53).
-14
Let z(s) = -188*s + 43. What is z(2)?
-333
Let g(n) = -485*n**3 - n**2 - 697*n - 698. Determine g(-1).
483
Let f(b) = -6204*b + 43455. Give f(7).
27
Let a(c) = c**2 - 21765*c - 4614751. Determine a(-210).
-1
Let q(m) = -2059*m - 1225095. Give q(-595).
10
Let c(u) = -241*u - 24318. What is c(-105)?
987
Let h(g) = 1565*g + 494637. Calculate h(-316).
97
Let y(o) = -20221*o - 363986. What is y(-18)?
-8
Let q(u) = -5634*u - 2552205. Determine q(-453).
-3
Let j(w) = 31634*w - 10281050. What is j(325)?
0
Let u(w) = 1653*w - 183485. Calculate u(111).
-2
Let c(w) = -1141*w + 20816. What is c(20)?
-2004
Let t(d) = -7*d**3 - 7*d**2 - 39*d + 76. Determine t(-7).
2407
Let c(s) = -1308*s + 147001. Determine c(112).
505
Let n(w) = w**3 + 34*w**2 - 2414*w + 170. What is n(-69)?
101
Let t(s) = -s**2 - 288*s - 11325. Determine t(-47).
2
Let z(p) = 87*p - 7168. Give z(83).
53
Let m(l) = -16*l**2 + 1028*l + 1848. Determine m(66).
0
Let l(s) = -2*s**3 - 109*s**2 + 3537*s - 72. Calculate l(23).
-716
Let c(g) = g**3 + 246*g**2 + 1899*g - 12. Determine c(-8).
28
Let a(m) = -m**2 + 402*m + 11032. Calculate a(-24).
808
Let r(t) = -3831*t - 1030512. Give r(-269).
27
Let j(m) = m**3 - 22*m**2 - 83*m + 2554. What is j(24)?
1714
Let q(l) = -l**2 - 421*l - 25624. Calculate q(-75).
326
Let o(j) = 4321*j**2 - 21600*j + 16. Calculate o(5).
41
Let d(c) = c**3 - 52*c**2 + 298*c - 870. Calculate d(46).
142
Let i(v) = -v**2 + 73*v + 1687. Calculate i(91).
49
Let p(b) = b**2 - 94*b + 2197. What is p(41)?
24
Let p(g) = 32*g**3 - 1026*g**2 + 5063*g - 489. Determine p(26).
5
Let q(n) = -47225*n**2 + 188911*n - 12. Determine q(4).
32
Let h(v) = -101*v - 11923. Determine h(-104).
-1419
Let b(s) = 350*s**2 - 15770*s + 897. What is b(45)?
-3
Let n(r) = -172*r + 10109. Give n(60).
-211
Let p(v) = 28935*v + 260478. Determine p(-9).
63
Let w(q) = 413*q**2 + 3378*q + 611. What is w(-8)?
19
Let d(m) = 33*m**2 + 1231*m + 5584. Determine d(-32).
-16
Let o(f) = -30*f**2 - 5048*f - 14879. Calculate o(-3).
-5
Let g(b) = 7659*b + 214434. Determine g(-28).
-18
Let b(u) = -24*u**2 + 320*u - 302. Give b(12).
82
Let z(f) = -1789*f - 767473. Give z(-429).
8
Let s(d) = 198*d + 4460. What is s(-23)?
-94
Let g(p) = 478*p + 27629. Give g(-58).
-95
Let j(f) = -8476*f + 254000. Give j(30).
-280
Let a(r) = 13*r**3 + 6*r**2 + 15*r - 61. Determine a(3).
389
Let s(i) = -30*i**3 + 542*i**2 - 19*i - 238. What is s(18)?
68
Let m(z) = -3809*z - 3815. Determine m(-1).
-6
Let d(c) = 12*c**2 - 9*c - 1104. What is d(10)?
6
Let w(l) = -7*l**2 - 431*l + 4103. What is w(-70)?
-27
Let k(i) = 655*i**2 + 3349*i + 368. Determine k(-5).
-2
Let j(h) = -42*h**2 + 2327*h + 1220. Determine j(56).
-180
Let f(s) = 736*s**3 - s**2 + 127*s + 127. Determine f(-1).
-737
Let s(n) = -2*n**3 + 371*n**2 - 1625*n - 644. Give s(181).
80
Let i(o) = -67550*o - 25263698. Determine i(-374).
2
Let f(s) = 279*s**2 - 39072*s + 1688. What is f(140)?
8
Let q(c) = 7449*c - 1080104. What is q(145)?
1
Let b(q) = -174*q**2 - 10419*q - 63439. Calculate b(-53).
2
Let w(j) = 2*j**3 + 24*j**2 - 888*j - 40. What is w(16)?
88
Let z(h) = -4*h**2 + 1125*h - 37191. Give z(243).
-12
Let o(g) = 70*g**2 + 341*g - 26. Give o(-6).
448
Let v(n) = -108*n**2 + 30250*n - 2814. What is v(280)?
-14
Let a(g) = 87*g + 12101. What is a(-153)?
-1210
Let t(u) = 2470*u - 14986. Give t(6).
-166
Let i(z) = 8352*z + 233875. What is i(-28)?
19
Let v(k) = -150*k**2 + 27*k. What is v(1)?
-123
Let m(k) = -2*k**2 + 216*k + 8620. Determine m(139).
2
Let n(p) = -7*p**3 + 255*p**2 - 115*p + 374. Calculate n(36).
122
Let r(a) = -9104*a - 2021082. Calculate r(-222).
6
Let g(w) = -5279*w + 116101. Calculate g(22).
-37
Let r(t) = t**3 + 125*t**2 - 4643*t + 298. What is r(-155)?
-787
Let w(n) = 52*n**3 + 106*n**2 + 293*n + 583. Give w(-2).
5
Let x(i) = 21*i**2 + 278*i + 8. Give x(-15).
563
Let j(o) = -o**2 + 5862*o + 170827. Give j(-29).
-12
Let i(p) = 4*p**2 - 113*p + 885. Give i(23).
402
Let g(d) = -5*d**2 + 8*d + 39. What is g(-6)?
-189
Let g(z) = -126*z**2 + 6372*z - 25500. What is g(4)?
-